e highest common divisor of m and 3.
1
Let f be 306242/95 - (0 - 4/10). Calculate the highest common divisor of 104 and f.
104
Let d = -2092 + 2095. Let q = 6 - 0. What is the highest common divisor of d and q?
3
Let y = -206 + 109. Let m = y + 167. Calculate the highest common factor of 28 and m.
14
Let g(t) = -30*t - 36. Let r(d) = -d**2 - 5*d + 14. Let c be r(-8). Let n be g(c). Calculate the highest common factor of n and 44.
44
Let w be ((-4)/(-6))/(17*(-25)/(-61200)). Calculate the highest common divisor of 320 and w.
32
Suppose -2*k = 2*s - 23 - 3, -5*s + 1 = k. Let l = 4 - -140. Calculate the highest common divisor of l and k.
16
Let x be (56/84)/(1/153). What is the highest common factor of x and 6?
6
Let n be (-16)/(-1) - (-36)/30*(-20)/(-12). Suppose 4*v + 57 = s, -4*v = 3 + 9. Calculate the greatest common factor of s and n.
9
Suppose 5*w - 107 = -82. Let i(j) = -j**2 - 11*j + 7. Suppose v + 4 = -m, -5*m = -3*v + v + 41. Let f be i(m). Calculate the greatest common factor of f and w.
5
Suppose 2*j = 608 - 374. What is the highest common factor of 273 and j?
39
Let m be (32/10)/((-2)/(-15)). Suppose -32*h - 17 = -4*v - 29*h, -4*h = 3*v - 44. What is the highest common divisor of v and m?
8
Let y = 434 + -394. What is the greatest common factor of 1 and y?
1
Let y be 4445/49 + (-4)/(-14). What is the greatest common divisor of 7 and y?
7
Suppose -49 = -2*t - 25. Let l = 7 + -2. Suppose 0*q + 120 = l*q. What is the highest common divisor of t and q?
12
Let y be ((-15)/4)/((-24)/64). Let n = 18 - y. Let o be n + -7 - 13/(-1). What is the greatest common divisor of o and 21?
7
Suppose -4*c - 5*d = -349, 3*c + 2*c - 425 = -4*d. Suppose 0 = -3*h + h + 54. Calculate the greatest common divisor of c and h.
27
Let q(n) = -14*n - 5. Let l be q(-4). Suppose -l + 19 = -4*t. Let b = -1342 + 1344. What is the highest common factor of t and b?
2
Let u be (-2*1)/((-14)/21). Suppose 107 = g - 4*f, -g + u*f + 116 = 2*f. Calculate the greatest common divisor of 17 and g.
17
Suppose 7*i = 2*i - 20. Let s = i - -17. Calculate the highest common divisor of 26 and s.
13
Suppose -3*a - 21 + 375 = 0. Calculate the greatest common factor of a and 590.
118
Let s(g) = -4*g + 52. Let h be s(12). Suppose -h*t - 86 = -4*l - 18, -4*l = 4*t - 108. Calculate the greatest common factor of 55 and l.
11
Suppose 5*n - 75 = -0*n. Suppose 4*j - 1060 = -400. Calculate the highest common factor of j and n.
15
Suppose 121*v - o - 263 = 118*v, 5*v = -4*o + 444. Calculate the highest common divisor of v and 132.
44
Let c(w) = -2*w**2 + w**2 + 1 - 18*w**3 + 2*w - 2. Let o be c(-2). Suppose -61*d = -461 - 454. What is the highest common factor of d and o?
15
Suppose 0 = -2*d + 2*a + 68, 2*a = -2*d + 29 + 39. What is the highest common factor of d and 1088?
34
Let o(q) = q**3 - 13*q**2 + q + 18. Let c be o(13). Suppose -115 + c = -7*b. Calculate the highest common divisor of b and 132.
12
Let l = -25 + 21. Let z(j) = j**3 + 6*j**2 + 5*j + 7. Let p be z(l). Calculate the highest common factor of 95 and p.
19
Let x = 37 - 25. Suppose 527 = -4*b + 91. Let u = -85 - b. What is the highest common factor of u and x?
12
Suppose -t + 6 = -42. Let n = 21 - 9. Calculate the highest common divisor of n and t.
12
Suppose 0 = -3*a - 5*k + 100, 3*a + 179*k - 92 = 178*k. Suppose 75 = v - 0*v. Calculate the greatest common factor of v and a.
15
Suppose 296 = -4*r - 164. Let u be (r/(-2))/(14/28). Calculate the highest common factor of u and 23.
23
Suppose 4*t = -x + 20, -40 = x - 3*x + 2*t. Let k(s) = s**2 - 18*s - 39. Let b be k(x). What is the highest common divisor of b and 3?
1
Suppose 10*i - 1496 = -i. Calculate the greatest common factor of i and 8.
8
Let r(z) = -53*z - 5. Let d be r(-3). Calculate the highest common divisor of d and 22.
22
Suppose -8*x + 59 = -133. Suppose 0 = -j + l + l + 42, -2*j + 3*l = -79. Calculate the highest common factor of j and x.
8
Let m = -6 - -7. Suppose 0*z + z - m = 0. Let x be ((-7)/(-2))/(z/36). Calculate the greatest common factor of 14 and x.
14
Suppose 3*o - m = 140, 38*o - 40*o - 2*m + 80 = 0. What is the highest common factor of 225 and o?
45
Suppose -5*u + u = 8. Let n be (-41)/(-3) - u/(-3). Let r(q) = -q**2 - 17*q - 5. Let x be r(-7). Calculate the highest common factor of n and x.
13
Let b(z) = -28*z - 40. Let m be b(-3). What is the highest common divisor of 484 and m?
44
Let j(d) be the second derivative of d**4/12 - 3*d**3/2 - 12*d**2 - 32*d. Let v be j(13). Calculate the highest common divisor of 70 and v.
14
Let o = -1024 - -1410. What is the greatest common factor of 2 and o?
2
Let k(q) = -q**2 - 21*q + 29. Let v be k(-23). Let x = 37 + v. Calculate the greatest common divisor of x and 200.
20
Let k(c) = -c + 1. Let o be k(-1). Let i = -5889 - -5891. Calculate the greatest common divisor of o and i.
2
Suppose 0*c - 4*o - 1344 = -5*c, 3*o + 3 = 0. What is the highest common factor of 603 and c?
67
Let u = -33 + 16. Let m be 4/(-2) - u - -1. Suppose j - 196 = -5*p, 5*j + 62 = -5*p + 962. What is the highest common factor of m and j?
16
Let g(t) = t**2 + 27*t - 362. Let j be g(-38). What is the highest common factor of 644 and j?
28
Let c(b) = -b**2. Let z(k) = -3*k**2 + 4*k + 4. Let t(d) = -2*c(d) + z(d). Let l be t(4). Suppose m - 40 = -4. Calculate the greatest common factor of l and m.
4
Let x be (-6)/(-15) - 43/(-5). Calculate the greatest common divisor of 63 and x.
9
Suppose -426 = -5*d + 174. Suppose -7*a = -300 - d. Calculate the greatest common divisor of 24 and a.
12
Suppose 4*y - 8 = -0*y. Suppose -l - y*l + 1740 = 0. Suppose -r + 0*r - 4*p + 137 = 0, l = 5*r - p. Calculate the greatest common divisor of r and 13.
13
Let w = 107 + 13. Suppose 2*h + w = 14*h. What is the greatest common factor of 25 and h?
5
Let q be (-2 + 9)/(-5*7/(-70)). Calculate the greatest common factor of q and 4.
2
Suppose 5*d = 2*y + y - 10, 26 = 5*y + d. Suppose y*m = m - 5*v + 67, 5*m + 3*v - 100 = 0. What is the highest common divisor of 23 and m?
23
Suppose a - 18 = 2*y, a + 4*y + 7 = 25. Let d be a/(-30) - 579/(-15). Calculate the highest common factor of 114 and d.
38
Let w = 19 + -18. Let o be 7/1 + (w - 4). Suppose o*k = 223 + 89. Calculate the highest common factor of k and 13.
13
Let l be 6/10 + (-96)/(-40). Suppose 0 = 52*o - 524 - 100. What is the highest common factor of l and o?
3
Suppose -10*z + 863 - 173 = 0. What is the highest common divisor of 115 and z?
23
Let u = 11 - 11. Suppose 2*d + 5*h - 69 = 0, -d + 3*h + h + 28 = u. Calculate the highest common divisor of 96 and d.
32
Suppose -3*o - 16 = -7*o. Let v be 40/(-2) + 1 + -1. Let w = 32 + v. Calculate the greatest common divisor of o and w.
4
Let x(c) = -10*c - 17. Let y be x(-8). Let w be (-20)/(-7) - 8/(-56). Suppose w*o = -3 + 24. Calculate the greatest common factor of y and o.
7
Let i be ((-539)/(-35))/((7/5)/7). Let m = 28 - 17. Calculate the greatest common factor of m and i.
11
Suppose 2*g - 3*j = 3, 5*g - 20 - 7 = j. Suppose -80 + 8 = 4*q. Let c be 342/8 - q/(-24). Calculate the highest common divisor of g and c.
6
Let n = 409 - 85. What is the highest common divisor of n and 24?
12
Let i = -11 - -13. Suppose i = 2*q - 10. Let m = -59 - -113. What is the greatest common divisor of q and m?
6
Suppose 25 - 85 = -5*i + 2*q, 0 = -4*q. Calculate the highest common factor of i and 384.
12
Let d be 10/(-40) + 3954/8. What is the greatest common divisor of 26 and d?
26
Suppose -84 = 4*y - 7*y - 5*q, -140 = -5*y - 2*q. What is the greatest common divisor of y and 238?
14
Let f be (-4 + 1)*(-1 - 0). Suppose 2*c - f*c + 28 = 3*n, -3*n = -3*c + 132. What is the greatest common divisor of c and 30?
10
Suppose 215 = -7*j + 12*j. Calculate the greatest common divisor of 43 and j.
43
Suppose 5*p - 3*p = -4*h + 424, -202 = -2*h + 4*p. Calculate the highest common divisor of 560 and h.
35
Let q = 422 + -368. What is the highest common divisor of q and 459?
27
Let b be (-74)/(-2) - (2 + -3). Let t(g) = 9*g - 60. Let n be t(13). Calculate the highest common factor of n and b.
19
Let o = -63 - -342. What is the greatest common divisor of 9 and o?
9
Let v = 89 - 79. Suppose 0 + v = n. Calculate the greatest common factor of 20 and n.
10
Suppose -8891 = -31*f + 5524. Calculate the greatest comm